{"id":512,"date":"2020-05-31T17:08:54","date_gmt":"2020-05-31T17:08:54","guid":{"rendered":"http:\/\/34.254.181.172\/?page_id=512"},"modified":"2023-06-25T12:10:18","modified_gmt":"2023-06-25T12:10:18","slug":"legacies-main","status":"publish","type":"page","link":"https:\/\/tro-events.com\/index.php\/legacies-main\/","title":{"rendered":"Legacies"},"content":{"rendered":"<div id=\"pl-512\"  class=\"panel-layout\" ><div id=\"pg-512-0\"  class=\"panel-grid panel-has-style\" ><div class=\"panel-row-style panel-row-style-for-512-0\" ><div id=\"pgc-512-0-0\"  class=\"panel-grid-cell\" ><div id=\"panel-512-0-0-0\" class=\"so-panel widget widget_siteorigin-panels-builder panel-first-child panel-last-child\" data-index=\"0\" ><div class=\"panel-widget-style panel-widget-style-for-512-0-0-0\" ><div id=\"pl-w64982eaa432ef\"  class=\"panel-layout\" ><div id=\"pg-w64982eaa432ef-0\"  class=\"panel-grid panel-no-style\" ><div id=\"pgc-w64982eaa432ef-0-0\"  class=\"panel-grid-cell\" ><div id=\"panel-w64982eaa432ef-0-0-0\" class=\"so-panel widget widget_sow-image panel-first-child panel-last-child\" data-index=\"0\" ><div\n\t\t\t\n\t\t\tclass=\"so-widget-sow-image so-widget-sow-image-default-c67d20f9f743\"\n\t\t\t\n\t\t>\n\n<div class=\"sow-image-container\">\n\t\t<img loading=\"lazy\" decoding=\"async\" src=\"https:\/\/tro-events.com\/wp-content\/uploads\/2020\/06\/Sin-t\u00edtulo-3-1.png\" width=\"960\" height=\"500\" srcset=\"https:\/\/tro-events.com\/wp-content\/uploads\/2020\/06\/Sin-t\u00edtulo-3-1.png 960w, https:\/\/tro-events.com\/wp-content\/uploads\/2020\/06\/Sin-t\u00edtulo-3-1-300x156.png 300w, https:\/\/tro-events.com\/wp-content\/uploads\/2020\/06\/Sin-t\u00edtulo-3-1-768x400.png 768w, https:\/\/tro-events.com\/wp-content\/uploads\/2020\/06\/Sin-t\u00edtulo-3-1-600x313.png 600w\" sizes=\"(max-width: 960px) 100vw, 960px\" title=\"Sin t\u00edtulo-3\" alt=\"\" \t\tclass=\"so-widget-image\"\/>\n\t<\/div>\n\n<\/div><\/div><\/div><\/div><div id=\"pg-w64982eaa432ef-1\"  class=\"panel-grid panel-has-style\" ><div class=\"panel-row-style panel-row-style-for-w64982eaa432ef-1\" ><div id=\"pgc-w64982eaa432ef-1-0\"  class=\"panel-grid-cell\" ><div id=\"panel-w64982eaa432ef-1-0-0\" class=\"so-panel widget widget_sow-editor panel-first-child panel-last-child\" data-index=\"1\" ><div class=\"panel-widget-style panel-widget-style-for-w64982eaa432ef-1-0-0\" ><div\n\t\t\t\n\t\t\tclass=\"so-widget-sow-editor so-widget-sow-editor-base\"\n\t\t\t\n\t\t>\n<div class=\"siteorigin-widget-tinymce textwidget\">\n\t<p style=\"text-align: justify;\"><span style=\"color: #000000;\">\u201cArrescan. Tierra maldita y olvidada, a medio camino entre la leyenda y el folklore de una civilizaci\u00f3n perdida. Solo los dioses saben porque ha aparecido en el destino de tantas razas, pero as\u00ed ha sido. La casualidad no alcanza para explicar porqu\u00e9 tantos ojos se han posado en ella en un espacio de tiempo tan exiguo. A\u00fan as\u00ed las se\u00f1ales que apuntan a que las poderosas facciones del mundo se preparan por alg\u00fan motivo extremadamente relevante son claras indistintamente de a donde se mire.<\/span><\/p>\n<\/div>\n<\/div><\/div><\/div><\/div><div id=\"pgc-w64982eaa432ef-1-1\"  class=\"panel-grid-cell\" ><div id=\"panel-w64982eaa432ef-1-1-0\" class=\"so-panel widget widget_sow-editor panel-first-child panel-last-child\" data-index=\"2\" ><div class=\"panel-widget-style panel-widget-style-for-w64982eaa432ef-1-1-0\" ><div\n\t\t\t\n\t\t\tclass=\"so-widget-sow-editor so-widget-sow-editor-base\"\n\t\t\t\n\t\t>\n<div class=\"siteorigin-widget-tinymce textwidget\">\n\t<p style=\"text-align: justify;\"><span style=\"color: #000000;\">La joven Rep\u00fablica encadena crisis tras crisis. Ya sea de gobierno, b\u00e9lica o sea\u00a0 dentro o fuera de sus fronteras. El nuevo orden ofrece muchas dudas ya que la gente siempre ha vivido como le mandaban que lo hiciera. La mayor\u00eda de los ciudadanos desde que obtuvieron la libertad, y hasta ahora, no han sabido muy bien qu\u00e9 hacer con ella. Pero en toda crisis siempre hay alguien con los recursos suficientes que saca provecho de ellas. Como el Ej\u00e9rcito. El cual dirige expediciones a trav\u00e9s de todas las fronteras...\u00a0<a style=\"color: #000000;\" href=\"https:\/\/tro-events.com\/index.php\/2020\/06\/16\/el-punto-de-partida\/\">M\u00e1s...<\/a><\/span><\/p>\n<\/div>\n<\/div><\/div><\/div><\/div><\/div><\/div><div id=\"pg-w64982eaa432ef-2\"  class=\"panel-grid panel-has-style\" ><div class=\"panel-row-style panel-row-style-for-w64982eaa432ef-2\" ><div id=\"pgc-w64982eaa432ef-2-0\"  class=\"panel-grid-cell\" ><div id=\"panel-w64982eaa432ef-2-0-0\" class=\"so-panel widget widget_sow-editor panel-first-child panel-last-child\" data-index=\"3\" ><div class=\"panel-widget-style panel-widget-style-for-w64982eaa432ef-2-0-0\" ><div\n\t\t\t\n\t\t\tclass=\"so-widget-sow-editor so-widget-sow-editor-base\"\n\t\t\t\n\t\t><h3 class=\"widget-title\">\u00bfQu\u00e9 es Legacies?<\/h3>\n<div class=\"siteorigin-widget-tinymce textwidget\">\n\t<p style=\"text-align: justify;\"><span style=\"font-weight: 400; color: #000000;\">Legacies es una partida de LARP (Live-Action Role PLaying Game) en forma de saga que permite al jugador formar parte de una facci\u00f3n y ayudar a conseguir sus objetivos. \u00c9stas necesitar\u00e1n de todas las habilidades que sus integrantes puedan aportar de forma cooperativa para conseguirlos. Ya sean eruditos, artesanos, guerreros o exploradores pasando por magos y alquimistas hasta casi cualquier personaje que se te ocurra, seguro que es bienvenido a la causa. Por supuesto tambi\u00e9n tendr\u00e1s la oportunidad de trazar tu propio camino y vivir tus aventuras, ya sea involucr\u00e1ndote en los entresijos sociales que ofrece el reciente emplazamiento y los nuevos campamentos, o explorando vastas extensiones de terreno plagadas de amenazas y recompensas. La elecci\u00f3n es tuya al igual que sus consecuencias.<\/span><\/p>\n<\/div>\n<\/div><\/div><\/div><\/div><div id=\"pgc-w64982eaa432ef-2-1\"  class=\"panel-grid-cell\" ><div id=\"panel-w64982eaa432ef-2-1-0\" class=\"so-panel widget widget_sow-image panel-first-child panel-last-child\" data-index=\"4\" ><div\n\t\t\t\n\t\t\tclass=\"so-widget-sow-image so-widget-sow-image-default-c67d20f9f743\"\n\t\t\t\n\t\t>\n\n<div class=\"sow-image-container\">\n\t\t<img loading=\"lazy\" decoding=\"async\" src=\"https:\/\/tro-events.com\/wp-content\/uploads\/2020\/07\/diamantes-1-e1593806565228.png\" width=\"500\" height=\"195\" srcset=\"https:\/\/tro-events.com\/wp-content\/uploads\/2020\/07\/diamantes-1-e1593806565228.png 500w, https:\/\/tro-events.com\/wp-content\/uploads\/2020\/07\/diamantes-1-e1593806565228-300x117.png 300w\" sizes=\"(max-width: 500px) 100vw, 500px\" title=\"diamantes\" alt=\"\" \t\tclass=\"so-widget-image\"\/>\n\t<\/div>\n\n<\/div><\/div><\/div><\/div><\/div><div id=\"pg-w64982eaa432ef-3\"  class=\"panel-grid panel-has-style\" ><div class=\"panel-row-style panel-row-style-for-w64982eaa432ef-3\" ><div id=\"pgc-w64982eaa432ef-3-0\"  class=\"panel-grid-cell\" ><div id=\"panel-w64982eaa432ef-3-0-0\" class=\"so-panel widget widget_sow-image panel-first-child panel-last-child\" data-index=\"5\" ><div\n\t\t\t\n\t\t\tclass=\"so-widget-sow-image so-widget-sow-image-default-c67d20f9f743\"\n\t\t\t\n\t\t>\n\n<div class=\"sow-image-container\">\n\t\t<img loading=\"lazy\" decoding=\"async\" src=\"https:\/\/tro-events.com\/wp-content\/uploads\/2020\/07\/diamantes-1-e1593806565228.png\" width=\"500\" height=\"195\" srcset=\"https:\/\/tro-events.com\/wp-content\/uploads\/2020\/07\/diamantes-1-e1593806565228.png 500w, https:\/\/tro-events.com\/wp-content\/uploads\/2020\/07\/diamantes-1-e1593806565228-300x117.png 300w\" sizes=\"(max-width: 500px) 100vw, 500px\" title=\"diamantes\" alt=\"\" \t\tclass=\"so-widget-image\"\/>\n\t<\/div>\n\n<\/div><\/div><\/div><div id=\"pgc-w64982eaa432ef-3-1\"  class=\"panel-grid-cell\" ><div id=\"panel-w64982eaa432ef-3-1-0\" class=\"so-panel widget widget_sow-editor panel-first-child panel-last-child\" data-index=\"6\" ><div class=\"panel-widget-style panel-widget-style-for-w64982eaa432ef-3-1-0\" ><div\n\t\t\t\n\t\t\tclass=\"so-widget-sow-editor so-widget-sow-editor-base\"\n\t\t\t\n\t\t><h3 class=\"widget-title\">Sistema de juego<\/h3>\n<div class=\"siteorigin-widget-tinymce textwidget\">\n\t<p><span style=\"color: #000000;\">Legacies pretende ser un juego cooperativo, fomentando el trabajo en equipo y competitivo recompensando los objetivos conseguidos. M\u00e1s all\u00e1 del combate y la conquista, la obtenci\u00f3n de recursos es b\u00e1sica para la consecuci\u00f3n de objetivos que pueden llevar a tu facci\u00f3n a la victoria. As\u00ed como el juego social y la exploraci\u00f3n de nuevas zonas de juego. Pero sobre todo pretende ser un juego divertido donde reine el \u201cfair-play\u201d y las ganas de pasarlo bien y hacerlo pasarlo bien a los dem\u00e1s.<\/span><\/p>\n<p><span style=\"color: #000000;\"><a style=\"color: #000000;\" href=\"https:\/\/tro-events.com\/index.php\/2020\/06\/16\/sistema-de-juego\/\">M\u00e1s...<\/a><\/span><\/p>\n<\/div>\n<\/div><\/div><\/div><\/div><\/div><\/div><div id=\"pg-w64982eaa432ef-4\"  class=\"panel-grid panel-has-style\" ><div class=\"panel-row-style panel-row-style-for-w64982eaa432ef-4\" ><div id=\"pgc-w64982eaa432ef-4-0\"  class=\"panel-grid-cell\" ><div id=\"panel-w64982eaa432ef-4-0-0\" class=\"so-panel widget widget_sow-headline panel-first-child\" data-index=\"7\" ><div\n\t\t\t\n\t\t\tclass=\"so-widget-sow-headline so-widget-sow-headline-default-4246f64e0766\"\n\t\t\t\n\t\t><div class=\"sow-headline-container \">\n\t\t\t\t\t\t\t<h1 class=\"sow-headline\">\n\t\t\t\t\t\t\u00bfQu\u00e9 facci\u00f3n te representa?\t\t\t\t\t\t<\/h1>\n\t\t\t\t\t\t\t\t\t\t\t\t<h6 class=\"sow-sub-headline\">\n\t\t\t\t\t\tLas pautas que deber\u00edas tener en cuenta al elegir una facci\u00f3n deber\u00edan basar-se principalmente ne la est\u00e9tica la moralidad de tu personaje independientemente de la raza de \u00e9ste. Cada una de ellas tiene un lore y unos objetivos con los que intentamos que cualquier jugador pueda sentirse identificado con alguna de ellas. En caso de que ninguna de las facciones de PJ te resulten atractivas puedes probar suerte con alguna de las facciones PNJ en las que la organizaci\u00f3n te guiar\u00e1 sobre qu\u00e9 hacer durante la partida. Si es este tu caso, contacta con nosotros para m\u00e1s informaci\u00f3n.\t\t\t\t\t\t<\/h6>\n\t\t\t\t\t\t<\/div>\n<\/div><\/div><div id=\"panel-w64982eaa432ef-4-0-1\" class=\"so-panel widget widget_sow-headline\" data-index=\"8\" ><div\n\t\t\t\n\t\t\tclass=\"so-widget-sow-headline so-widget-sow-headline-default-6b52635ceda7\"\n\t\t\t\n\t\t><div class=\"sow-headline-container \">\n\t\t\t\t\t\t\t<h1 class=\"sow-headline\">\n\t\t\t\t\t\tFacciones PJ\t\t\t\t\t\t<\/h1>\n\t\t\t\t\t\t<\/div>\n<\/div><\/div><div id=\"panel-w64982eaa432ef-4-0-2\" class=\"so-panel widget widget_sow-features panel-last-child\" data-index=\"9\" ><div class=\"panel-widget-style panel-widget-style-for-w64982eaa432ef-4-0-2\" ><div\n\t\t\t\n\t\t\tclass=\"so-widget-sow-features so-widget-sow-features-default-a5d26ea352fb\"\n\t\t\t\n\t\t>\n<div class=\"sow-features-list sow-features-responsive\">\n\n\t\t\t\t\t\t\t\t\t<div\n\t\t\t\tclass=\"sow-features-feature sow-icon-container-position-top\"\n\t\t\t\tstyle=\"display: flex; flex-direction: column; width: calc(50% - 25px);\"\n\t\t\t>\n\t\t\t\t\t\t\t<div class=\"sow-features-feature-right-left-container\" style=\"display: flex; flex-direction: inherit;\">\n\t\t\t\n\t\t\t\t\t\t\t\t\t<a\n\t\t\t\t\t\thref=\"https:\/\/tro-events.com\/index.php\/2020\/06\/15\/la-republica-de-gunnarheim-2\/\"\n\t\t\t\t\t\t\t\t\t\t\t>\n\t\t\t\t\t\t\t\t<div\n\t\t\t\t\tclass=\"sow-icon-container sow-container-round\"\n\t\t\t\t\tstyle=\"color: #f9f9f9; \"\n\t\t\t\t\ttitle=\"Rep\u00fablica de Gunnarheim\"\t\t\t\t>\n\t\t\t\t\t<div class=\"sow-icon-image\" style=\"background-image: url(https:\/\/tro-events.com\/wp-content\/uploads\/2020\/08\/La-Rep\u00fablica.png); font-size: 250px\"><\/div>\t\t\t\t<\/div>\n\t\t\t\t\t\t\t\t\t<\/a>\n\t\t\t\t\t\n\t\t\t\t<div class=\"textwidget\">\n\t\t\t\t\t\t\t\t\t\t\t<div class=\"sow-features-feature-content\">\n\t\t\t\t\t\n\t\t\t\t\t\t\t\t\t\t\t<h5>\n\t\t\t\t\t\t\t\t\t\t\t\t\t\t\t<a\n\t\t\t\t\t\t\t\t\thref=\"https:\/\/tro-events.com\/index.php\/2020\/06\/15\/la-republica-de-gunnarheim-2\/\"\n\t\t\t\t\t\t\t\t\t\t\t\t\t\t\t\t\t>\n\t\t\t\t\t\t\t\n\t\t\t\t\t\t\tRep\u00fablica de Gunnarheim\t\t\t\t\t\t\t\t\t\t\t\t\t\t\t<\/a>\n\t\t\t\t\t\t\t\t\t\t\t\t\t<\/h5>\n\t\t\t\t\t\n\t\t\t\t\t\t\t\t\t\t\t<p style=\"text-align: justify\"><span style=\"color: #000000\">Tras a\u00f1os de guerras entre sucesores del Rey, el Reino de Gunnar decidi\u00f3 que el pueblo eligiese a los gobernantes, formando la Rep\u00fablica de Gunnarheim.\u00a0A\u00fan habiendo renovado su forma de gobierno, muchos son los que dicen ser bastardos y aut\u00e9nticos herederos del trono, causando revueltas o juicios para evitar que la guerra civil vuelva a estas tierras...<\/span><\/p>\n\t\t\t\t\t\n\t\t\t\t\t\t\t\t\t\t\t<\/div>\n\t\t\t\t\t\t<p class=\"sow-more-text\">\n\t\t\t\t\t\t\t<a href=\"https:\/\/tro-events.com\/index.php\/2020\/06\/15\/la-republica-de-gunnarheim-2\/\" >\t\t\t\t\t\t\tM\u00e1s\t\t\t\t\t\t\t<\/a>\t\t\t\t\t\t<\/p>\n\t\t\t\t\t\t\t\t\t<\/div>\n\t\t\t\t\t\t\t\t\t<\/div>\n\t\t\t\t\t\t\t\t\n\t\t\t\t\t\t\t<\/div>\n\n\t\t\t\t\t\t\t\t<div\n\t\t\t\tclass=\"sow-features-feature sow-icon-container-position-top\"\n\t\t\t\tstyle=\"display: flex; flex-direction: column; width: calc(50% - 25px);\"\n\t\t\t>\n\t\t\t\t\t\t\t<div class=\"sow-features-feature-right-left-container\" style=\"display: flex; flex-direction: inherit;\">\n\t\t\t\n\t\t\t\t\t\t\t\t\t<a\n\t\t\t\t\t\thref=\"https:\/\/tro-events.com\/index.php\/legacies-main\/confederacion-de-los-vientos\/\"\n\t\t\t\t\t\t\t\t\t\t\t>\n\t\t\t\t\t\t\t\t<div\n\t\t\t\t\tclass=\"sow-icon-container sow-container-round\"\n\t\t\t\t\tstyle=\"color: #f9f9f9; \"\n\t\t\t\t\ttitle=\"Confederaci\u00f3n de los Siete Vientos\"\t\t\t\t>\n\t\t\t\t\t<div class=\"sow-icon-image\" style=\"background-image: url(https:\/\/tro-events.com\/wp-content\/uploads\/2020\/08\/Confederacion-de-los-ventos_combinado.png); font-size: 250px\"><\/div>\t\t\t\t<\/div>\n\t\t\t\t\t\t\t\t\t<\/a>\n\t\t\t\t\t\n\t\t\t\t<div class=\"textwidget\">\n\t\t\t\t\t\t\t\t\t\t\t<div class=\"sow-features-feature-content\">\n\t\t\t\t\t\n\t\t\t\t\t\t\t\t\t\t\t<h5>\n\t\t\t\t\t\t\t\t\t\t\t\t\t\t\t<a\n\t\t\t\t\t\t\t\t\thref=\"https:\/\/tro-events.com\/index.php\/legacies-main\/confederacion-de-los-vientos\/\"\n\t\t\t\t\t\t\t\t\t\t\t\t\t\t\t\t\t>\n\t\t\t\t\t\t\t\n\t\t\t\t\t\t\tConfederaci\u00f3n de los vientos\t\t\t\t\t\t\t\t\t\t\t\t\t\t\t<\/a>\n\t\t\t\t\t\t\t\t\t\t\t\t\t<\/h5>\n\t\t\t\t\t\n\t\t\t\t\t\t\t\t\t\t\t<p style=\"text-align: justify\"><span style=\"color: #000000\">La confederaci\u00f3n de los vientos, es un conjunto de ciudades-estado situadas al este de los antiguos reinos de Gunnar formando parte de una gran pen\u00ednsula y distintos archipi\u00e9lagos.\u00a0Marineros, exploradores, comerciantes, eruditos, druidas y alquimistas son parte de la poblaci\u00f3n que habita en la Confederaci\u00f3n...<\/span><\/p>\n\t\t\t\t\t\n\t\t\t\t\t\t\t\t\t\t\t<\/div>\n\t\t\t\t\t\t<p class=\"sow-more-text\">\n\t\t\t\t\t\t\t<a href=\"https:\/\/tro-events.com\/index.php\/legacies-main\/confederacion-de-los-vientos\/\" >\t\t\t\t\t\t\tM\u00e1s\t\t\t\t\t\t\t<\/a>\t\t\t\t\t\t<\/p>\n\t\t\t\t\t\t\t\t\t<\/div>\n\t\t\t\t\t\t\t\t\t<\/div>\n\t\t\t\t\t\t\t\t\n\t\t\t\t\t\t\t<\/div>\n\n\t\t\t\t\t\t\t\t<div\n\t\t\t\tclass=\"sow-features-feature sow-icon-container-position-top\"\n\t\t\t\tstyle=\"display: flex; flex-direction: column; width: calc(50% - 25px);\"\n\t\t\t>\n\t\t\t\t\t\t\t<div class=\"sow-features-feature-right-left-container\" style=\"display: flex; flex-direction: inherit;\">\n\t\t\t\n\t\t\t\t\t\t\t\t\t<a\n\t\t\t\t\t\thref=\"https:\/\/tro-events.com\/index.php\/2020\/06\/15\/el-circulo-del-demiurgo\/\"\n\t\t\t\t\t\t\t\t\t\t\t>\n\t\t\t\t\t\t\t\t<div\n\t\t\t\t\tclass=\"sow-icon-container sow-container-round\"\n\t\t\t\t\tstyle=\"color: #f9f9f9; \"\n\t\t\t\t\ttitle=\"Circulo del Demiurgo\"\t\t\t\t>\n\t\t\t\t\t<div class=\"sow-icon-image\" style=\"background-image: url(https:\/\/tro-events.com\/wp-content\/uploads\/2020\/08\/El-C\u00edrculo-del-Demiurgo.png); font-size: 250px\"><\/div>\t\t\t\t<\/div>\n\t\t\t\t\t\t\t\t\t<\/a>\n\t\t\t\t\t\n\t\t\t\t<div class=\"textwidget\">\n\t\t\t\t\t\t\t\t\t\t\t<div class=\"sow-features-feature-content\">\n\t\t\t\t\t\n\t\t\t\t\t\t\t\t\t\t\t<h5>\n\t\t\t\t\t\t\t\t\t\t\t\t\t\t\t<a\n\t\t\t\t\t\t\t\t\thref=\"https:\/\/tro-events.com\/index.php\/2020\/06\/15\/el-circulo-del-demiurgo\/\"\n\t\t\t\t\t\t\t\t\t\t\t\t\t\t\t\t\t>\n\t\t\t\t\t\t\t\n\t\t\t\t\t\t\tCirculo del Demiurgo\t\t\t\t\t\t\t\t\t\t\t\t\t\t\t<\/a>\n\t\t\t\t\t\t\t\t\t\t\t\t\t<\/h5>\n\t\t\t\t\t\n\t\t\t\t\t\t\t\t\t\t\t<p><span style=\"color: #000000\">El C\u00edrculo del Demiurgo existe desde el inicio de los tiempos, seguramente su nombre ha cambiado a lo largo de los a\u00f1os, pero su raz\u00f3n de ser no lo ha hecho. Todo empez\u00f3 cuando los Primeros Pueblos fueron perseguidos por diferencias raciales, culturales o religiosas por los reci\u00e9n llegados poderes mundanos. Todo aqu\u00e9l que fue rechazado o temido por no ajustarse a los ideales de una floreciente civilizaci\u00f3n moderna, todo aquel que fue juzgado por no abjurar de su fe a los dioses salvajes o los que prefer\u00edan morir a ser expulsados de sus territorios para vivir escondidos, formaron el primer C\u00edrculo.<\/span><\/p>\n\t\t\t\t\t\n\t\t\t\t\t\t\t\t\t\t\t<\/div>\n\t\t\t\t\t\t<p class=\"sow-more-text\">\n\t\t\t\t\t\t\t<a href=\"https:\/\/tro-events.com\/index.php\/2020\/06\/15\/el-circulo-del-demiurgo\/\" >\t\t\t\t\t\t\tM\u00e1s\t\t\t\t\t\t\t<\/a>\t\t\t\t\t\t<\/p>\n\t\t\t\t\t\t\t\t\t<\/div>\n\t\t\t\t\t\t\t\t\t<\/div>\n\t\t\t\t\t\t\t\t\n\t\t\t\t\t\t\t<\/div>\n\n\t\t\t\t\t\t\t\t<div\n\t\t\t\tclass=\"sow-features-feature sow-icon-container-position-top\"\n\t\t\t\tstyle=\"display: flex; flex-direction: column; width: calc(50% - 25px);\"\n\t\t\t>\n\t\t\t\t\t\t\t<div class=\"sow-features-feature-right-left-container\" style=\"display: flex; flex-direction: inherit;\">\n\t\t\t\n\t\t\t\t\t\t\t\t\t<a\n\t\t\t\t\t\thref=\"https:\/\/tro-events.com\/index.php\/2020\/06\/15\/reinos-enanos-de-karak-kat\/\"\n\t\t\t\t\t\t\t\t\t\t\t>\n\t\t\t\t\t\t\t\t<div\n\t\t\t\t\tclass=\"sow-icon-container sow-container-round\"\n\t\t\t\t\tstyle=\"color: #f9f9f9; \"\n\t\t\t\t\ttitle=\"Reinos enanos de Karak-Kat\"\t\t\t\t>\n\t\t\t\t\t<div class=\"sow-icon-image\" style=\"background-image: url(https:\/\/tro-events.com\/wp-content\/uploads\/2021\/11\/Reinos-Enanos.png); font-size: 250px\"><\/div>\t\t\t\t<\/div>\n\t\t\t\t\t\t\t\t\t<\/a>\n\t\t\t\t\t\n\t\t\t\t<div class=\"textwidget\">\n\t\t\t\t\t\t\t\t\t\t\t<div class=\"sow-features-feature-content\">\n\t\t\t\t\t\n\t\t\t\t\t\t\t\t\t\t\t<h5>\n\t\t\t\t\t\t\t\t\t\t\t\t\t\t\t<a\n\t\t\t\t\t\t\t\t\thref=\"https:\/\/tro-events.com\/index.php\/2020\/06\/15\/reinos-enanos-de-karak-kat\/\"\n\t\t\t\t\t\t\t\t\t\t\t\t\t\t\t\t\t>\n\t\t\t\t\t\t\t\n\t\t\t\t\t\t\tReinos enanos de Karak-Kat\t\t\t\t\t\t\t\t\t\t\t\t\t\t\t<\/a>\n\t\t\t\t\t\t\t\t\t\t\t\t\t<\/h5>\n\t\t\t\t\t\n\t\t\t\t\t\t\t\t\t\t\t<p style=\"text-align: justify\"><span style=\"color: #000000\">En la regi\u00f3n de las monta\u00f1as de Karak Kat reside el clan enano Bram de Brau que lidera con tenacidad a los enanos y humanos de la zona. Ambas razas coexisten gracias a una f\u00e9rrea disciplina y los humanos de esta regi\u00f3n son muy parecidos a los enanos,<\/span><\/p>\n\t\t\t\t\t\n\t\t\t\t\t\t\t\t\t\t\t<\/div>\n\t\t\t\t\t\t<p class=\"sow-more-text\">\n\t\t\t\t\t\t\t<a href=\"https:\/\/tro-events.com\/index.php\/2020\/06\/15\/reinos-enanos-de-karak-kat\/\" >\t\t\t\t\t\t\tM\u00e1s\t\t\t\t\t\t\t<\/a>\t\t\t\t\t\t<\/p>\n\t\t\t\t\t\t\t\t\t<\/div>\n\t\t\t\t\t\t\t\t\t<\/div>\n\t\t\t\t\t\t\t\t\n\t\t\t\t\t\t\t<\/div>\n\n\t\t\t\n<\/div>\n<\/div><\/div><\/div><\/div><\/div><\/div><div id=\"pg-w64982eaa432ef-5\"  class=\"panel-grid panel-has-style\" ><div class=\"panel-row-style panel-row-style-for-w64982eaa432ef-5\" ><div id=\"pgc-w64982eaa432ef-5-0\"  class=\"panel-grid-cell\" ><div id=\"panel-w64982eaa432ef-5-0-0\" class=\"so-panel widget widget_sow-headline panel-first-child\" data-index=\"10\" ><div\n\t\t\t\n\t\t\tclass=\"so-widget-sow-headline so-widget-sow-headline-default-6b52635ceda7\"\n\t\t\t\n\t\t><div class=\"sow-headline-container \">\n\t\t\t\t\t\t\t<h1 class=\"sow-headline\">\n\t\t\t\t\t\tFacciones PNJ\t\t\t\t\t\t<\/h1>\n\t\t\t\t\t\t<\/div>\n<\/div><\/div><div id=\"panel-w64982eaa432ef-5-0-1\" class=\"so-panel widget widget_sow-features panel-last-child\" data-index=\"11\" ><div class=\"panel-widget-style panel-widget-style-for-w64982eaa432ef-5-0-1\" ><div\n\t\t\t\n\t\t\tclass=\"so-widget-sow-features so-widget-sow-features-default-a5d26ea352fb\"\n\t\t\t\n\t\t>\n<div class=\"sow-features-list sow-features-responsive\">\n\n\t\t\t\t\t\t\t\t\t<div\n\t\t\t\tclass=\"sow-features-feature sow-icon-container-position-top\"\n\t\t\t\tstyle=\"display: flex; flex-direction: column; width: calc(50% - 25px);\"\n\t\t\t>\n\t\t\t\t\t\t\t<div class=\"sow-features-feature-right-left-container\" style=\"display: flex; flex-direction: inherit;\">\n\t\t\t\n\t\t\t\t\t\t\t\t\t<a\n\t\t\t\t\t\thref=\"https:\/\/tro-events.com\/index.php\/2021\/05\/07\/la-orden-del-trueno-2\/\"\n\t\t\t\t\t\t\t\t\t\t\t>\n\t\t\t\t\t\t\t\t<div\n\t\t\t\t\tclass=\"sow-icon-container sow-container-round\"\n\t\t\t\t\tstyle=\"color: #f9f9f9; \"\n\t\t\t\t\ttitle=\"Orden del Trueno\"\t\t\t\t>\n\t\t\t\t\t<div class=\"sow-icon-image\" style=\"background-image: url(https:\/\/tro-events.com\/wp-content\/uploads\/2020\/08\/La-Orden-del-Trueno-PNJ.png); font-size: 250px\"><\/div>\t\t\t\t<\/div>\n\t\t\t\t\t\t\t\t\t<\/a>\n\t\t\t\t\t\n\t\t\t\t<div class=\"textwidget\">\n\t\t\t\t\t\t\t\t\t\t\t<div class=\"sow-features-feature-content\">\n\t\t\t\t\t\n\t\t\t\t\t\t\t\t\t\t\t<h5>\n\t\t\t\t\t\t\t\t\t\t\t\t\t\t\t<a\n\t\t\t\t\t\t\t\t\thref=\"https:\/\/tro-events.com\/index.php\/2021\/05\/07\/la-orden-del-trueno-2\/\"\n\t\t\t\t\t\t\t\t\t\t\t\t\t\t\t\t\t>\n\t\t\t\t\t\t\t\n\t\t\t\t\t\t\tOrden del Trueno\t\t\t\t\t\t\t\t\t\t\t\t\t\t\t<\/a>\n\t\t\t\t\t\t\t\t\t\t\t\t\t<\/h5>\n\t\t\t\t\t\n\t\t\t\t\t\t\t\t\t\t\t<p><span style=\"color: #000000\"><span style=\"font-weight: 400\">Fue una orden secreta creada por uno de los consejeros m\u00e1s leales del Rey Gunnar para salvaguardar a su majestad y al reino de los peligros que acechaban el vasto territorio. Revueltas, cultos a dioses oscuros e invasiones fueron evitadas por esta Orden gracias a su dedicaci\u00f3n antes de que \u00e9stas tuvieran \u00e9xito.<\/span><span style=\"font-weight: 400\"><br \/>\n<\/span><\/span><\/p>\n\t\t\t\t\t\n\t\t\t\t\t\t\t\t\t\t\t<\/div>\n\t\t\t\t\t\t<p class=\"sow-more-text\">\n\t\t\t\t\t\t\t<a href=\"https:\/\/tro-events.com\/index.php\/2021\/05\/07\/la-orden-del-trueno-2\/\" >\t\t\t\t\t\t\tM\u00e1s\t\t\t\t\t\t\t<\/a>\t\t\t\t\t\t<\/p>\n\t\t\t\t\t\t\t\t\t<\/div>\n\t\t\t\t\t\t\t\t\t<\/div>\n\t\t\t\t\t\t\t\t\n\t\t\t\t\t\t\t<\/div>\n\n\t\t\t\t\t\t\t\t<div\n\t\t\t\tclass=\"sow-features-feature sow-icon-container-position-top\"\n\t\t\t\tstyle=\"display: flex; flex-direction: column; width: calc(50% - 25px);\"\n\t\t\t>\n\t\t\t\t\t\t\t<div class=\"sow-features-feature-right-left-container\" style=\"display: flex; flex-direction: inherit;\">\n\t\t\t\n\t\t\t\t\t\t\t\t\t<a\n\t\t\t\t\t\thref=\"https:\/\/tro-events.com\/index.php\/los-discipulos-de-shakhal\/\"\n\t\t\t\t\t\t\t\t\t\t\t>\n\t\t\t\t\t\t\t\t<div\n\t\t\t\t\tclass=\"sow-icon-container sow-container-round\"\n\t\t\t\t\tstyle=\"color: #f9f9f9; \"\n\t\t\t\t\ttitle=\"Disc\u00edpulos de Shackal\"\t\t\t\t>\n\t\t\t\t\t<div class=\"sow-icon-image\" style=\"background-image: url(https:\/\/tro-events.com\/wp-content\/uploads\/2020\/08\/Los-Disc\u00edpulos-de-Shakal-PNJ.png); font-size: 250px\"><\/div>\t\t\t\t<\/div>\n\t\t\t\t\t\t\t\t\t<\/a>\n\t\t\t\t\t\n\t\t\t\t<div class=\"textwidget\">\n\t\t\t\t\t\t\t\t\t\t\t<div class=\"sow-features-feature-content\">\n\t\t\t\t\t\n\t\t\t\t\t\t\t\t\t\t\t<h5>\n\t\t\t\t\t\t\t\t\t\t\t\t\t\t\t<a\n\t\t\t\t\t\t\t\t\thref=\"https:\/\/tro-events.com\/index.php\/los-discipulos-de-shakhal\/\"\n\t\t\t\t\t\t\t\t\t\t\t\t\t\t\t\t\t>\n\t\t\t\t\t\t\t\n\t\t\t\t\t\t\tDisc\u00edpulos de Shackal\t\t\t\t\t\t\t\t\t\t\t\t\t\t\t<\/a>\n\t\t\t\t\t\t\t\t\t\t\t\t\t<\/h5>\n\t\t\t\t\t\n\t\t\t\t\t\t\t\t\t\t\t<p><span style=\"color: #000000\">Cuando el Rey muri\u00f3 muchos sintieron gran pesar pues hab\u00eda sido un rey generoso, pero otros se alegraron y lo festejaron, aquellos que hab\u00edan sido derrotados y humillados por King Gunnar y sus aliados.<\/span><\/p>\n\t\t\t\t\t\n\t\t\t\t\t\t\t\t\t\t\t<\/div>\n\t\t\t\t\t\t<p class=\"sow-more-text\">\n\t\t\t\t\t\t\t<a href=\"https:\/\/tro-events.com\/index.php\/los-discipulos-de-shakhal\/\" >\t\t\t\t\t\t\tM\u00e1s\t\t\t\t\t\t\t<\/a>\t\t\t\t\t\t<\/p>\n\t\t\t\t\t\t\t\t\t<\/div>\n\t\t\t\t\t\t\t\t\t<\/div>\n\t\t\t\t\t\t\t\t\n\t\t\t\t\t\t\t<\/div>\n\n\t\t\t\n<\/div>\n<\/div><\/div><\/div><\/div><\/div><\/div><\/div><\/div><\/div><\/div><\/div><\/div><\/div>","protected":false},"excerpt":{"rendered":"<p>\u201cArrescan. Tierra maldita y olvidada, a medio camino entre la leyenda y el folklore de una civilizaci\u00f3n perdida. Solo los dioses saben porque ha aparecido en el destino de tantas razas, pero as\u00ed ha sido. La casualidad no alcanza para<\/p>\n","protected":false},"author":1,"featured_media":513,"parent":0,"menu_order":0,"comment_status":"closed","ping_status":"closed","template":"page-templates\/page-builder.php","meta":{"footnotes":""},"inscripciones_activas":[],"_links":{"self":[{"href":"https:\/\/tro-events.com\/index.php\/wp-json\/wp\/v2\/pages\/512"}],"collection":[{"href":"https:\/\/tro-events.com\/index.php\/wp-json\/wp\/v2\/pages"}],"about":[{"href":"https:\/\/tro-events.com\/index.php\/wp-json\/wp\/v2\/types\/page"}],"author":[{"embeddable":true,"href":"https:\/\/tro-events.com\/index.php\/wp-json\/wp\/v2\/users\/1"}],"replies":[{"embeddable":true,"href":"https:\/\/tro-events.com\/index.php\/wp-json\/wp\/v2\/comments?post=512"}],"version-history":[{"count":412,"href":"https:\/\/tro-events.com\/index.php\/wp-json\/wp\/v2\/pages\/512\/revisions"}],"predecessor-version":[{"id":4989,"href":"https:\/\/tro-events.com\/index.php\/wp-json\/wp\/v2\/pages\/512\/revisions\/4989"}],"wp:featuredmedia":[{"embeddable":true,"href":"https:\/\/tro-events.com\/index.php\/wp-json\/wp\/v2\/media\/513"}],"wp:attachment":[{"href":"https:\/\/tro-events.com\/index.php\/wp-json\/wp\/v2\/media?parent=512"}],"wp:term":[{"taxonomy":"inscripciones_activas","embeddable":true,"href":"https:\/\/tro-events.com\/index.php\/wp-json\/wp\/v2\/inscripciones_activas?post=512"}],"curies":[{"name":"wp","href":"https:\/\/api.w.org\/{rel}","templated":true}]}}